 List the prime factors of s.
2, 11
Let g(s) = -s**3 + 7*s**2 + 8*s - 3. Let r(b) = b**2 - b - 4. Let f be r(4). Let c be g(f). Let o(a) = -a**3 - a**2 - a - 4. What are the prime factors of o(c)?
17
Suppose -5*k + 3*x = -46, k - 10 = 3*x + 4. Suppose 2*u - k = -0*u. Let f = -2 + u. List the prime factors of f.
2
Let i(u) = u + 2. Let j be i(2). Suppose j*n = n + 6. Suppose -4*x + 6 = n*s - 2*x, 5*s - 29 = 2*x. What are the prime factors of s?
5
Suppose -3*s + l - 8 = -3*l, -5*s + 10 = -2*l. Suppose -b = t + s - 8, -5*t + b = -44. Suppose 5*i - t = 3*i. List the prime factors of i.
2
Let x = 49 + -32. What are the prime factors of x?
17
Let x(i) = -i**2 - 10*i - 7. Let w be x(-9). Suppose 2*o = 2*s + 22, -w*o = -o + 4*s + 4. What are the prime factors of o?
2
Let q be (6/4)/(6/16). Suppose -48 = -2*n + 5*m, -5*n = q*m - 67 - 20. What are the prime factors of n?
19
Let n = -72 - -40. Let u be (n/(-40))/((-2)/60). What are the prime factors of (2/(-4))/(4/u)?
3
List the prime factors of (-3 + 51/15)*70.
2, 7
Let h = 160 - 87. What are the prime factors of h?
73
List the prime factors of 5 - (-2 - (-8)/4).
5
Let g be (5 + -3)*(-5)/(-2). Let c(v) = -v**2 + 5*v + 5. Let o(b) = 5*b**2 - 26*b - 24. Let y(u) = -11*c(u) - 2*o(u). What are the prime factors of y(g)?
3
Let y be (-20)/6*(-60)/25. Suppose -5*g - y = -9*g. What are the prime factors of g?
2
Suppose g + 0*g = 21. List the prime factors of g.
3, 7
Suppose 14*g = 19*g - 1230. List the prime factors of g.
2, 3, 41
List the prime factors of 1/((-256)/86 - -3).
43
Let f(p) = 7 + 2*p - p - 5 + 14*p. Let d be f(2). Suppose -q = 4*q - 3*n - d, 4*q = n + 20. What are the prime factors of q?
2
Let a(f) = -2*f - 3. Let t(l) = l**2 - 6*l - 10. Let k be t(7). Let b be a(k). Suppose 4*q = -b + 39. List the prime factors of q.
3
What are the prime factors of (500/6)/((-4)/(-6))?
5
Suppose 0 = 2*s - 5*s + 5*z - 226, 0 = -5*s - 4*z - 389. Let w = -43 - s. Let n = w - 17. List the prime factors of n.
17
Suppose 8*c - 3*c = 5. Let a be 4*((-1)/c - -2). Suppose -5 = -f + a. List the prime factors of f.
3
Let b(w) = -w**2 + 11*w - 6. Let i be b(10). Suppose -9*f + 20 = -i*f. Suppose 0*z + d + 31 = 2*z, -f*z = 3*d - 87. What are the prime factors of z?
2, 3
What are the prime factors of (-97)/(2 - 3) - 9/3?
2, 47
Let k = -6 + 12. Let g(c) = 2*c**2 - 7*c - 1. List the prime factors of g(k).
29
Let x = 4 - 0. Suppose z + x*z - 120 = 5*d, 5*d - 10 = 0. Suppose 0 = 4*u - z - 14. What are the prime factors of u?
2, 5
Suppose 0 = -2*l - 3*l. Let r = -25 + 18. List the prime factors of r/(-7) - (l + -10).
11
Suppose 3*w + 5*l = 24 + 25, -5*l = -2*w - 9. Suppose 0 = -z - 5*s + w, 42 = 4*z + s + 10. What are the prime factors of z?
2
Suppose -2*j + 5*u + 97 = 0, -5*j + 0*j + 202 = u. List the prime factors of j.
41
Suppose l = -2*l + 2*o + 296, -l = -2*o - 100. What are the prime factors of l?
2, 7
Let l(q) = -3 + 4*q**2 - 4*q**3 + 3*q**3 + 0*q**3 + 6*q. List the prime factors of l(4).
3, 7
Suppose 4*l - 9 = 3. Let t(u) = -3*u + 3. Let i be t(-3). List the prime factors of (i - l)/(-1 + 2).
3
Let z be 0 + 4 - 12/(-3). Suppose -64 = z*o - 12*o. List the prime factors of o.
2
Let p(k) = k + 3. Let t be p(0). Suppose 4*u + a = 28, -14 = -t*u + 5*a + 7. List the prime factors of u.
7
Let y = -1 - -3. What are the prime factors of y/(-2 + 4) - -11?
2, 3
Let x = -5 - -2. Let t = 4 - x. List the prime factors of t.
7
Suppose 4*g - 320 = -2*b, b = -2 - 0. What are the prime factors of 1071/g + (-2)/9?
13
Let t(s) = -s**3 - s. Let f be t(-1). Suppose 8 - 2 = f*b. What are the prime factors of b?
3
Suppose 3*h - 5*h = -x - 9, -4*x + 16 = 5*h. Suppose h*s - 24 = 16. What are the prime factors of s?
2, 5
Suppose 115 = -2*k + 7*k. What are the prime factors of k?
23
Suppose -4*y + 1 + 3 = 0. Let k = y + -3. Let c = k + 8. What are the prime factors of c?
2, 3
Let y(q) = 9*q - 13. Let g(w) = -w - 6. Let i be g(-12). List the prime factors of y(i).
41
Let d = 3 - -1. Let z = 4 + d. What are the prime factors of z?
2
Let v be 14/21 - 4/6. Let a(w) = -w**3 - w**2 + 5. Let g be a(v). Suppose 0 = 5*u + g*k - 40, 2 + 6 = 2*k. What are the prime factors of u?
2
Suppose 54*v - 51*v = 510. List the prime factors of v.
2, 5, 17
Let m = 161 - 102. What are the prime factors of m?
59
Let y be 0/1 - (-11 - -11). Suppose y*v + 4 = v. What are the prime factors of v?
2
Let k = 70 + -25. What are the prime factors of k?
3, 5
What are the prime factors of (199/4)/(((-18)/8)/(-9))?
199
Suppose 4*o - 6 = 2*o. Let u = -1 + o. List the prime factors of u/3 + 7/3.
3
Let w be 4 - 2 - (1 - -1). Suppose -19 = -y + 5*b, 3*b = -y + 3 - w. List the prime factors of y.
3
Let s(j) = j**3 - 3*j**2 - 8*j - 2. What are the prime factors of s(5)?
2
Suppose -4*k + 3*n - 2 - 13 = 0, -n + 5 = -4*k. Suppose -2*o + 0*o + 100 = k. List the prime factors of o.
2, 5
Let m be 492/(-8)*4/(-3). Suppose -2*s - m + 20 = 0. Let n = 43 + s. List the prime factors of n.
2, 3
Let i = -100 - -226. List the prime factors of i.
2, 3, 7
Suppose -4*r = 5*y - 236, 2*r + 3*y - 153 = -33. Suppose 5*n - 3*d - 152 = -7*d, -r = -2*n - 5*d. What are the prime factors of n?
2
Let q be 3/((-18)/(-75))*2. Let h be 2/(-4) - 70/4. Let d = q + h. List the prime factors of d.
7
Let d be (-3)/(-3) - 1*-3. Let n = 6 + d. Let x = 19 - n. What are the prime factors of x?
3
Let o(a) = 3*a + 5. Suppose 2*l = v + 3, 3*l + 1 = 4*v - 2. Let d(u) = -2*u - 3. Let b(f) = l*o(f) + 5*d(f). List the prime factors of b(-7).
7
Let m be 2 + (5 - 1 - 2). Suppose -3*k = 3*y - 15, 6*y + m*k - 22 = y. What are the prime factors of y?
2
Suppose 2*n = -2*s - 2 + 4, 4*n - s + 1 = 0. Suppose n = y - 3*x, 3*y + 32 = -2*x + 76. What are the prime factors of y?
2, 3
Let t = -2 + 5. Suppose 2*c = -r - t*c + 38, -110 = -4*r + c. What are the prime factors of r?
2, 7
Let l be (-12)/9*3/(-2). Let v(u) = -7*u + 7 + 0*u + l + u**2. List the prime factors of v(7).
3
Suppose 5*a = -k + 3*k - 25, -k - 5 = 0. Let z = 10 + a. Suppose -5*u + z*x - 7 = -u, 5*u + 2*x = 20. List the prime factors of u.
2
Let x(h) = 3*h + 1. Let p(z) = 2*z + 0 + 2*z + 2. Let s(d) = -2*p(d) + 3*x(d). What are the prime factors of s(5)?
2
Let m = -58 - -191. What are the prime factors of m?
7, 19
Let q be 8/6 - 4/(-6). Suppose 35 = 7*r - q*r. Suppose 5*j - 7 = 3*z, -r = z - 3*z + j. List the prime factors of z.
2, 3
Suppose 0*z + z = -13. Let k = -61 - -39. Let o = z - k. What are the prime factors of o?
3
Let f be 5*((-28)/(-10) + -2). Suppose -i - 9 = -f*i. Suppose 6 = 4*l - 2*y, 5*y = 3*l + i*y - 2. List the prime factors of l.
2
Suppose 3*z - 146 = -3*j + 2*z, -4*z + 234 = 5*j. Let d be (6/5)/((-1)/j). List the prime factors of ((-3)/6)/(3/d).
2, 5
Let y = 1 - 3. Let i be y*(-4 + 3) - -28. Suppose 7*d - 2*d - i = 0. List the prime factors of d.
2, 3
Let w be 2/(-2) + 2 + 3. Let j be (-1)/w - 1/(-4). Suppose -o - 2 = j, 0*o - 9 = -v - o. List the prime factors of v.
11
Suppose 3*i + 0 - 22 = -5*o, 5*o - 14 = -i. Suppose -w - 4*p + 24 + i = 0, -2*w + 16 = -2*p. What are the prime factors of w?
2, 3
Suppose -1 = 5*z + 9. Let d = z - -12. What are the prime factors of d?
2, 5
Let t be (-4)/(-10) - (-16)/10. Suppose -1 = -2*d + 1. What are the prime factors of t + 7 + (d - 2)?
2
Suppose 4 = -0*s + 2*s. What are the prime factors of s?
2
Let v = 210 + -143. List the prime factors of v.
67
Suppose 52 = 2*j - 92. List the prime factors of j.
2, 3
Let z be (14 - 1) + 0/4. Let p = z + -7. Suppose -2*i + p = -8. What are the prime factors of i?
7
Let i be (30/(-24))/(1/(-8)). Let m(w) = w - 4. Let a be m(i). Suppose a*j - 60 = j. What are the prime factors of j?
2, 3
Let g = 7 + -12. Let b = 17 + g. What are the prime factors of b?
2, 3
Let v = -9 + 11. Suppose 0 = t + v*t - 60. What are the prime factors of t?
2, 5
Suppose -3*y + 78 = v, 5*v - 115 = -4*y - 0*v. What are the prime factors of y?
5
Let p = -1 - -3. Let x(t) = 3 + 5*t**2 + 5 - 5 - 4*t. What are the prime factors of x(p)?
3, 5
Suppose -56*v + 700 = -51*v. What are the prime factors of v?
2, 5, 7
Let t(h) = 3*h + 1. Let j be t(1). Let w = -1 + j. Suppose -w*c + 15 = -0. List the prime factors of c.
5
Let d = 52 + 99. What are the prime factors of d?
151
Let c = 51 + -97. Let m = 71 + c. List the prime facto